{"id":11528,"date":"2024-11-15T15:07:30","date_gmt":"2024-11-15T13:07:30","guid":{"rendered":"https:\/\/dabauto.ro\/fca\/?page_id=11528"},"modified":"2026-04-07T16:12:40","modified_gmt":"2026-04-07T13:12:40","slug":"leapmotor","status":"publish","type":"page","link":"https:\/\/dabauto.ro\/fca\/leapmotor\/","title":{"rendered":"LeapMotor"},"content":{"rendered":"\n<div class=\"slider-wrapper relative\" id=\"slider-1634168580\" >\n    <div class=\"slider slider-nav-circle slider-nav-large slider-nav-light slider-style-normal\"\n        data-flickity-options='{\n            \"cellAlign\": \"center\",\n            \"imagesLoaded\": true,\n            \"lazyLoad\": 1,\n            \"freeScroll\": false,\n            \"wrapAround\": true,\n            \"autoPlay\": 6000,\n            \"pauseAutoPlayOnHover\" : true,\n            \"prevNextButtons\": true,\n            \"contain\" : true,\n            \"adaptiveHeight\" : true,\n            \"dragThreshold\" : 10,\n            \"percentPosition\": true,\n            \"pageDots\": true,\n            \"rightToLeft\": false,\n            \"draggable\": true,\n            \"selectedAttraction\": 0.1,\n            \"parallax\" : 0,\n            \"friction\": 0.6        }'\n        >\n        \n\n\n  <div class=\"banner has-hover\" id=\"banner-1791183754\">\n          <div class=\"banner-inner fill\">\n        <div class=\"banner-bg fill\" >\n            <img loading=\"lazy\" decoding=\"async\" width=\"1440\" height=\"507\" src=\"https:\/\/dabauto.ro\/fca\/wp-content\/uploads\/2024\/11\/t03-home_image-02.jpg\" class=\"bg attachment-original size-original\" alt=\"\" \/>                                    \n                    <\/div>\n\t\t\n        <div class=\"banner-layers container\">\n            <a class=\"fill\" href=\"https:\/\/dabauto.ro\/fca\/oferta-jeep-wrangler-rubicon\/\"><div class=\"fill banner-link\"><\/div><\/a>            \n\n   <div id=\"text-box-1169144582\" class=\"text-box banner-layer x50 md-x50 lg-x50 y50 md-y50 lg-y50 res-text\">\n                                <div class=\"text-box-content text dark\">\n              \n              <div class=\"text-inner text-center\">\n                  \n\n\n              <\/div>\n           <\/div>\n                            \n<style>\n#text-box-1169144582 {\n  width: 60%;\n}\n#text-box-1169144582 .text-box-content {\n  font-size: 100%;\n}\n@media (min-width:550px) {\n  #text-box-1169144582 {\n    width: 60%;\n  }\n}\n<\/style>\n    <\/div>\n \n\n        <\/div>\n      <\/div>\n\n              <div class=\"height-fix is-invisible\"><img loading=\"lazy\" decoding=\"async\" width=\"1440\" height=\"507\" src=\"https:\/\/dabauto.ro\/fca\/wp-content\/uploads\/2024\/11\/t03-home_image-02.jpg\" class=\"attachment-original size-original\" alt=\"\" srcset=\"https:\/\/dabauto.ro\/fca\/wp-content\/uploads\/2024\/11\/t03-home_image-02.jpg 1440w, https:\/\/dabauto.ro\/fca\/wp-content\/uploads\/2024\/11\/t03-home_image-02-300x106.jpg 300w, https:\/\/dabauto.ro\/fca\/wp-content\/uploads\/2024\/11\/t03-home_image-02-1024x361.jpg 1024w, https:\/\/dabauto.ro\/fca\/wp-content\/uploads\/2024\/11\/t03-home_image-02-768x270.jpg 768w\" sizes=\"auto, (max-width: 1440px) 100vw, 1440px\" \/><\/div>\n            \n<style>\n#banner-1791183754 .banner-bg img {\n  object-position: 64% 51%;\n}\n<\/style>\n  <\/div>\n\n\n\n  <div class=\"banner has-hover\" id=\"banner-1370797412\">\n          <div class=\"banner-inner fill\">\n        <div class=\"banner-bg fill\" >\n            <img loading=\"lazy\" decoding=\"async\" width=\"1440\" height=\"507\" src=\"https:\/\/dabauto.ro\/fca\/wp-content\/uploads\/2024\/11\/c10-home_image-01.jpg\" class=\"bg attachment-original size-original\" alt=\"\" \/>                                    \n                    <\/div>\n\t\t\n        <div class=\"banner-layers container\">\n            <a class=\"fill\" href=\"https:\/\/dabauto.ro\/fca\/oferta-jeep-compass-e-hybrid\/\"><div class=\"fill banner-link\"><\/div><\/a>            \n\n   <div id=\"text-box-72492362\" class=\"text-box banner-layer x50 md-x50 lg-x50 y50 md-y50 lg-y50 res-text\">\n                                <div class=\"text-box-content text dark\">\n              \n              <div class=\"text-inner text-center\">\n                  \n\n\n              <\/div>\n           <\/div>\n                            \n<style>\n#text-box-72492362 {\n  width: 60%;\n}\n#text-box-72492362 .text-box-content {\n  font-size: 100%;\n}\n@media (min-width:550px) {\n  #text-box-72492362 {\n    width: 60%;\n  }\n}\n<\/style>\n    <\/div>\n \n\n        <\/div>\n      <\/div>\n\n              <div class=\"height-fix is-invisible\"><img loading=\"lazy\" decoding=\"async\" width=\"1440\" height=\"507\" src=\"https:\/\/dabauto.ro\/fca\/wp-content\/uploads\/2024\/11\/c10-home_image-01.jpg\" class=\"attachment-original size-original\" alt=\"\" srcset=\"https:\/\/dabauto.ro\/fca\/wp-content\/uploads\/2024\/11\/c10-home_image-01.jpg 1440w, https:\/\/dabauto.ro\/fca\/wp-content\/uploads\/2024\/11\/c10-home_image-01-300x106.jpg 300w, https:\/\/dabauto.ro\/fca\/wp-content\/uploads\/2024\/11\/c10-home_image-01-1024x361.jpg 1024w, https:\/\/dabauto.ro\/fca\/wp-content\/uploads\/2024\/11\/c10-home_image-01-768x270.jpg 768w\" sizes=\"auto, (max-width: 1440px) 100vw, 1440px\" \/><\/div>\n            \n<style>\n#banner-1370797412 .banner-bg img {\n  object-position: 68% 49%;\n}\n<\/style>\n  <\/div>\n\n\n\n     <\/div>\n\n     <div class=\"loading-spin dark large centered\"><\/div>\n\n\t<\/div>\n\n\n\t<div id=\"gap-1598206758\" class=\"gap-element clearfix\" style=\"display:block; height:auto;\">\n\t\t\n<style>\n#gap-1598206758 {\n  padding-top: 47px;\n}\n<\/style>\n\t<\/div>\n\t\n\n<h1 class=\"uppercase\" style=\"text-align: center;\"><span style=\"color: #000000;\">Dealer &amp; Service Autorizat<\/span><br \/><span style=\"color: #000000;\">LeapMotor<\/span><\/h1>\n<div class=\"row\"  id=\"row-1431076020\">\n\n\n\t<div id=\"col-1342620247\" class=\"col medium-6 small-12 large-6\"  >\n\t\t\t\t<div class=\"col-inner\"  >\n\t\t\t\n\t\t\t\n\n\t<div class=\"box has-hover   has-hover box-text-bottom\" >\n\n\t\t<div class=\"box-image\" >\n\t\t\t<a href=\"https:\/\/dabauto.ro\/fca\/leapmotor-t03\/\" >\t\t\t<div class=\"image-zoom\" >\n\t\t\t\t<img loading=\"lazy\" decoding=\"async\" width=\"1200\" height=\"750\" src=\"https:\/\/dabauto.ro\/fca\/wp-content\/uploads\/2024\/11\/t03-getImage.png\" class=\"attachment-original size-original\" alt=\"\" srcset=\"https:\/\/dabauto.ro\/fca\/wp-content\/uploads\/2024\/11\/t03-getImage.png 1200w, https:\/\/dabauto.ro\/fca\/wp-content\/uploads\/2024\/11\/t03-getImage-300x188.png 300w, https:\/\/dabauto.ro\/fca\/wp-content\/uploads\/2024\/11\/t03-getImage-1024x640.png 1024w, https:\/\/dabauto.ro\/fca\/wp-content\/uploads\/2024\/11\/t03-getImage-768x480.png 768w\" sizes=\"auto, (max-width: 1200px) 100vw, 1200px\" \/>\t\t\t\t\t\t\t\t\t\t\t<\/div>\n\t\t\t<\/a>\t\t<\/div>\n\n\t\t<div class=\"box-text text-center is-large\" >\n\t\t\t<div class=\"box-text-inner\">\n\t\t\t\t\n\n<h2>T03<\/h2>\n<h5>de la 13.500 \u20ac + TVA<\/h5>\n<p style=\"font-size: 14px;\"><a style=\"text-decoration: underline; text-decoration-color: #153b6a;\" title=\"avenger\" href=\"https:\/\/dabauto.ro\/fca\/leapmotor-t03\/\">FULL ELECTRIC<\/a><\/p>\n\n\t\t\t<\/div>\n\t\t<\/div>\n\t<\/div>\n\t\n\n\t\t<\/div>\n\t\t\t\t\t<\/div>\n\n\t\n\n\t<div id=\"col-1347344645\" class=\"col medium-6 small-12 large-6\"  >\n\t\t\t\t<div class=\"col-inner\"  >\n\t\t\t\n\t\t\t\n\n\t<div class=\"box has-hover   has-hover box-text-bottom\" >\n\n\t\t<div class=\"box-image\" >\n\t\t\t<a href=\"https:\/\/dabauto.ro\/fca\/leapmotor-c10\/\" >\t\t\t<div class=\"image-zoom\" >\n\t\t\t\t<img loading=\"lazy\" decoding=\"async\" width=\"1200\" height=\"750\" src=\"https:\/\/dabauto.ro\/fca\/wp-content\/uploads\/2024\/11\/c10-getImage.png\" class=\"attachment- size-\" alt=\"\" srcset=\"https:\/\/dabauto.ro\/fca\/wp-content\/uploads\/2024\/11\/c10-getImage.png 1200w, https:\/\/dabauto.ro\/fca\/wp-content\/uploads\/2024\/11\/c10-getImage-300x188.png 300w, https:\/\/dabauto.ro\/fca\/wp-content\/uploads\/2024\/11\/c10-getImage-1024x640.png 1024w, https:\/\/dabauto.ro\/fca\/wp-content\/uploads\/2024\/11\/c10-getImage-768x480.png 768w\" sizes=\"auto, (max-width: 1200px) 100vw, 1200px\" \/>\t\t\t\t\t\t\t\t\t\t\t<\/div>\n\t\t\t<\/a>\t\t<\/div>\n\n\t\t<div class=\"box-text text-center is-large\" >\n\t\t\t<div class=\"box-text-inner\">\n\t\t\t\t\n\n<h2>C10<\/h2>\n<h5>de la 29.000 \u20ac + TVA<\/h5>\n<p style=\"font-size: 14px;\"><a style=\"text-decoration: underline; text-decoration-color: #153b6a;\" title=\"C10\" href=\"https:\/\/dabauto.ro\/fca\/leapmotor-c10\/\">FULL ELECTRIC<\/a><\/p>\n\n\t\t\t<\/div>\n\t\t<\/div>\n\t<\/div>\n\t\n\n\t\t<\/div>\n\t\t\t\t\t<\/div>\n\n\t\n\n<\/div>\n\t<div id=\"gap-1803840456\" class=\"gap-element clearfix\" style=\"display:block; height:auto;\">\n\t\t\n<style>\n#gap-1803840456 {\n  padding-top: 30px;\n}\n<\/style>\n\t<\/div>\n\t\n\n<div class=\"row align-middle\"  id=\"row-2038954856\">\n\n\n\t<div id=\"col-227705245\" class=\"col medium-6 small-12 large-6\"  >\n\t\t\t\t<div class=\"col-inner\"  >\n\t\t\t\n\t\t\t\n\n\t<div class=\"img has-hover x md-x lg-x y md-y lg-y\" id=\"image_133001114\">\n\t\t\t\t\t\t\t\t<div class=\"img-inner dark\" >\n\t\t\t<img loading=\"lazy\" decoding=\"async\" width=\"896\" height=\"504\" src=\"https:\/\/dabauto.ro\/fca\/wp-content\/uploads\/2024\/11\/home_5@2x.png\" class=\"attachment-original size-original\" alt=\"\" srcset=\"https:\/\/dabauto.ro\/fca\/wp-content\/uploads\/2024\/11\/home_5@2x.png 896w, https:\/\/dabauto.ro\/fca\/wp-content\/uploads\/2024\/11\/home_5@2x-300x169.png 300w, https:\/\/dabauto.ro\/fca\/wp-content\/uploads\/2024\/11\/home_5@2x-768x432.png 768w\" sizes=\"auto, (max-width: 896px) 100vw, 896px\" \/>\t\t\t\t\t\t\n\t\t\t\t\t<\/div>\n\t\t\t\t\t\t\t\t\n<style>\n#image_133001114 {\n  width: 100%;\n}\n<\/style>\n\t<\/div>\n\t\n\n\n\t\t<\/div>\n\t\t\t\t\t<\/div>\n\n\t\n\n\t<div id=\"col-1687919862\" class=\"col medium-6 small-12 large-6\"  >\n\t\t\t\t<div class=\"col-inner\"  >\n\t\t\t\n\t\t\t\n\n<h3>Re\u021beaua Stelantis<\/h3>\n<p>Grupul Stellantis, renumit pentru vasta sa re\u021bea de v\u00e2nz\u0103ri \u0219i service, a c\u00e2\u0219tigat \u00eencrederea a milioane de clien\u021bi utilizatori ai 14 m\u0103rci de automobile de top. Acum, aceast\u0103 re\u021bea extins\u0103 este preg\u0103tit\u0103 s\u0103 v\u0103 deserveasc\u0103 pe dvs. \u0219i produsele dvs. Leapmotor. Echipele noastre de exper\u021bi \u0219i-au asumat angajamentul s\u0103 v\u0103 asigure lini\u0219tea sufleteasc\u0103 pe tot parcursul c\u0103l\u0103toriilor dvs.<\/p>\n\n\t\t<\/div>\n\t\t\t\t\t<\/div>\n\n\t\n\n<\/div>\n<div class=\"row align-middle\"  id=\"row-1501074824\">\n\n\n\t<div id=\"col-589551692\" class=\"col medium-6 small-12 large-6\"  >\n\t\t\t\t<div class=\"col-inner\"  >\n\t\t\t\n\t\t\t\n\n<h3>Povestea LEAPMOTOR<\/h3>\n<p>N\u0102SCUT ELECTRIC, LEAPMOTOR depune eforturi \u00een fiecare zi \u00eencep\u00e2nd cu anul 2015 pentru a aduce tehnologii de mobilitate ecologice pentru toat\u0103 lumea.<\/p>\n<p>Produsele LEAPMOTOR SE DEPLASEAZ\u0102 INTELIGENT \u0219i \u00eencorporeaz\u0103 inova\u021bii inteligente pentru a face via\u021ba mai bun\u0103 \u00een fiecare zi.<\/p>\n\n\t\t<\/div>\n\t\t\t\t\t<\/div>\n\n\t\n\n\t<div id=\"col-448919842\" class=\"col medium-6 small-12 large-6\"  >\n\t\t\t\t<div class=\"col-inner\"  >\n\t\t\t\n\t\t\t\n\n\t<div class=\"img has-hover x md-x lg-x y md-y lg-y\" id=\"image_1448580658\">\n\t\t\t\t\t\t\t\t<div class=\"img-inner dark\" >\n\t\t\t<img loading=\"lazy\" decoding=\"async\" width=\"896\" height=\"504\" src=\"https:\/\/dabauto.ro\/fca\/wp-content\/uploads\/2024\/11\/home_image-03.png\" class=\"attachment-original size-original\" alt=\"\" srcset=\"https:\/\/dabauto.ro\/fca\/wp-content\/uploads\/2024\/11\/home_image-03.png 896w, https:\/\/dabauto.ro\/fca\/wp-content\/uploads\/2024\/11\/home_image-03-300x169.png 300w, https:\/\/dabauto.ro\/fca\/wp-content\/uploads\/2024\/11\/home_image-03-768x432.png 768w\" sizes=\"auto, (max-width: 896px) 100vw, 896px\" \/>\t\t\t\t\t\t\n\t\t\t\t\t<\/div>\n\t\t\t\t\t\t\t\t\n<style>\n#image_1448580658 {\n  width: 100%;\n}\n<\/style>\n\t<\/div>\n\t\n\n\n\t\t<\/div>\n\t\t\t\t\t<\/div>\n\n\t\n\n<\/div>\n<div class=\"row align-middle\"  id=\"row-1534042088\">\n\n\n\t<div id=\"col-1505377106\" class=\"col medium-6 small-12 large-6\"  >\n\t\t\t\t<div class=\"col-inner\"  >\n\t\t\t\n\t\t\t\n\n\t<div class=\"img has-hover x md-x lg-x y md-y lg-y\" id=\"image_1364590492\">\n\t\t\t\t\t\t\t\t<div class=\"img-inner dark\" >\n\t\t\t<img loading=\"lazy\" decoding=\"async\" width=\"1792\" height=\"1008\" src=\"https:\/\/dabauto.ro\/fca\/wp-content\/uploads\/2024\/11\/free2move-charge@2x.jpg\" class=\"attachment-original size-original\" alt=\"\" srcset=\"https:\/\/dabauto.ro\/fca\/wp-content\/uploads\/2024\/11\/free2move-charge@2x.jpg 1792w, https:\/\/dabauto.ro\/fca\/wp-content\/uploads\/2024\/11\/free2move-charge@2x-300x169.jpg 300w, https:\/\/dabauto.ro\/fca\/wp-content\/uploads\/2024\/11\/free2move-charge@2x-1024x576.jpg 1024w, https:\/\/dabauto.ro\/fca\/wp-content\/uploads\/2024\/11\/free2move-charge@2x-768x432.jpg 768w, https:\/\/dabauto.ro\/fca\/wp-content\/uploads\/2024\/11\/free2move-charge@2x-1536x864.jpg 1536w\" sizes=\"auto, (max-width: 1792px) 100vw, 1792px\" \/>\t\t\t\t\t\t\n\t\t\t\t\t<\/div>\n\t\t\t\t\t\t\t\t\n<style>\n#image_1364590492 {\n  width: 100%;\n}\n<\/style>\n\t<\/div>\n\t\n\n\n\t\t<\/div>\n\t\t\t\t\t<\/div>\n\n\t\n\n\t<div id=\"col-967468442\" class=\"col medium-6 small-12 large-6\"  >\n\t\t\t\t<div class=\"col-inner\"  >\n\t\t\t\n\t\t\t\n\n<h3>\u00ceNC\u0102RCARE U\u0218OAR\u0102 A AUTOVEHICULELOR ELECTRICE FOLOSIND FREE2MOVE CHARGE<\/h3>\n<p>Cu ajutorul Free2move Charge, v\u0103 oferim solu\u021bii de \u00eenc\u0103rcare complete \u0219i personalizate, pentru a facilita \u00eenc\u0103rcarea permanent\u0103: at\u00e2t la domiciliu, cu cele mai noi \u00eenc\u0103rc\u0103toare conectate, c\u00e2t \u0219i \u00een deplasare, datorit\u0103 unei re\u021bele de peste 690.000 de puncte de \u00eenc\u0103rcare publice \u00een toat\u0103 Europa.<\/p>\n\n\t\t<\/div>\n\t\t\t\t\t<\/div>\n\n\t\n\n<\/div>\n\t<div id=\"gap-1945927564\" class=\"gap-element clearfix\" style=\"display:block; height:auto;\">\n\t\t\n<style>\n#gap-1945927564 {\n  padding-top: 30px;\n}\n<\/style>\n\t<\/div>\n\t\n\n\n","protected":false},"excerpt":{"rendered":"","protected":false},"author":2,"featured_media":11530,"parent":0,"menu_order":0,"comment_status":"closed","ping_status":"closed","template":"page-blank.php","meta":{"footnotes":""},"class_list":["post-11528","page","type-page","status-publish","has-post-thumbnail","hentry"],"yoast_head":"<!-- This site is optimized with the Yoast SEO Premium plugin v24.7 (Yoast SEO v27.4) - https:\/\/yoast.com\/product\/yoast-seo-premium-wordpress\/ -->\n<title>LeapMotor - Dealer &amp; Service Autorizat - Bucuresti<\/title>\n<meta name=\"description\" content=\"Dealer &amp; Service Autorizat LeapMotor in Splaiul Unirii Nr. 355-383, Sector 3, Bucuresti. T: 021.9793, E: contact@dabauto.ro, Program: L-V 8-18 S 9-17.\" \/>\n<meta name=\"robots\" content=\"index, follow, max-snippet:-1, max-image-preview:large, max-video-preview:-1\" \/>\n<link rel=\"canonical\" href=\"https:\/\/dabauto.ro\/fca\/leapmotor\/\" \/>\n<meta property=\"og:locale\" content=\"ro_RO\" \/>\n<meta property=\"og:type\" content=\"article\" \/>\n<meta property=\"og:title\" content=\"LeapMotor\" \/>\n<meta property=\"og:description\" content=\"Dealer &amp; Service Autorizat LeapMotor in Splaiul Unirii Nr. 355-383, Sector 3, Bucuresti. T: 021.9793, E: contact@dabauto.ro, Program: L-V 8-18 S 9-17.\" \/>\n<meta property=\"og:url\" content=\"https:\/\/dabauto.ro\/fca\/leapmotor\/\" \/>\n<meta property=\"og:site_name\" content=\"Dealer &amp; Service Autorizat Grup Fiat\" \/>\n<meta property=\"article:publisher\" content=\"https:\/\/www.facebook.com\/DABAutoServRO\" \/>\n<meta property=\"article:modified_time\" content=\"2026-04-07T13:12:40+00:00\" \/>\n<meta property=\"og:image\" content=\"https:\/\/dabauto.ro\/fca\/wp-content\/uploads\/2024\/11\/c10-home_image-01.jpg\" \/>\n\t<meta property=\"og:image:width\" content=\"1440\" \/>\n\t<meta property=\"og:image:height\" content=\"507\" \/>\n\t<meta property=\"og:image:type\" content=\"image\/jpeg\" \/>\n<meta name=\"twitter:label1\" content=\"Timp estimat pentru citire\" \/>\n\t<meta name=\"twitter:data1\" content=\"2 minute\" \/>\n<script type=\"application\/ld+json\" class=\"yoast-schema-graph\">{\"@context\":\"https:\\\/\\\/schema.org\",\"@graph\":[{\"@type\":\"WebPage\",\"@id\":\"https:\\\/\\\/dabauto.ro\\\/fca\\\/leapmotor\\\/\",\"url\":\"https:\\\/\\\/dabauto.ro\\\/fca\\\/leapmotor\\\/\",\"name\":\"LeapMotor - Dealer & Service Autorizat - Bucuresti\",\"isPartOf\":{\"@id\":\"https:\\\/\\\/dabauto.ro\\\/fca\\\/#website\"},\"primaryImageOfPage\":{\"@id\":\"https:\\\/\\\/dabauto.ro\\\/fca\\\/leapmotor\\\/#primaryimage\"},\"image\":{\"@id\":\"https:\\\/\\\/dabauto.ro\\\/fca\\\/leapmotor\\\/#primaryimage\"},\"thumbnailUrl\":\"https:\\\/\\\/dabauto.ro\\\/fca\\\/wp-content\\\/uploads\\\/2024\\\/11\\\/c10-home_image-01.jpg\",\"datePublished\":\"2024-11-15T13:07:30+00:00\",\"dateModified\":\"2026-04-07T13:12:40+00:00\",\"description\":\"Dealer & Service Autorizat LeapMotor in Splaiul Unirii Nr. 355-383, Sector 3, Bucuresti. T: 021.9793, E: contact@dabauto.ro, Program: L-V 8-18 S 9-17.\",\"breadcrumb\":{\"@id\":\"https:\\\/\\\/dabauto.ro\\\/fca\\\/leapmotor\\\/#breadcrumb\"},\"inLanguage\":\"ro-RO\",\"potentialAction\":[{\"@type\":\"ReadAction\",\"target\":[\"https:\\\/\\\/dabauto.ro\\\/fca\\\/leapmotor\\\/\"]}]},{\"@type\":\"ImageObject\",\"inLanguage\":\"ro-RO\",\"@id\":\"https:\\\/\\\/dabauto.ro\\\/fca\\\/leapmotor\\\/#primaryimage\",\"url\":\"https:\\\/\\\/dabauto.ro\\\/fca\\\/wp-content\\\/uploads\\\/2024\\\/11\\\/c10-home_image-01.jpg\",\"contentUrl\":\"https:\\\/\\\/dabauto.ro\\\/fca\\\/wp-content\\\/uploads\\\/2024\\\/11\\\/c10-home_image-01.jpg\",\"width\":1440,\"height\":507},{\"@type\":\"BreadcrumbList\",\"@id\":\"https:\\\/\\\/dabauto.ro\\\/fca\\\/leapmotor\\\/#breadcrumb\",\"itemListElement\":[{\"@type\":\"ListItem\",\"position\":1,\"name\":\"Prima pagin\u0103\",\"item\":\"https:\\\/\\\/dabauto.ro\\\/fca\\\/\"},{\"@type\":\"ListItem\",\"position\":2,\"name\":\"LeapMotor\"}]},{\"@type\":\"WebSite\",\"@id\":\"https:\\\/\\\/dabauto.ro\\\/fca\\\/#website\",\"url\":\"https:\\\/\\\/dabauto.ro\\\/fca\\\/\",\"name\":\"Dealer & Service Autorizat Grup Fiat\",\"description\":\"Concesionar Autorizat - Fiat, Alfa Romeo, Jeep, Abarth si LeapMotor in Bucuresti\",\"publisher\":{\"@id\":\"https:\\\/\\\/dabauto.ro\\\/fca\\\/#organization\"},\"potentialAction\":[{\"@type\":\"SearchAction\",\"target\":{\"@type\":\"EntryPoint\",\"urlTemplate\":\"https:\\\/\\\/dabauto.ro\\\/fca\\\/?s={search_term_string}\"},\"query-input\":{\"@type\":\"PropertyValueSpecification\",\"valueRequired\":true,\"valueName\":\"search_term_string\"}}],\"inLanguage\":\"ro-RO\"},{\"@type\":\"Organization\",\"@id\":\"https:\\\/\\\/dabauto.ro\\\/fca\\\/#organization\",\"name\":\"DAB Auto Serv srl\",\"alternateName\":\"DAB Auto Serv srl\",\"url\":\"https:\\\/\\\/dabauto.ro\\\/fca\\\/\",\"logo\":{\"@type\":\"ImageObject\",\"inLanguage\":\"ro-RO\",\"@id\":\"https:\\\/\\\/dabauto.ro\\\/fca\\\/#\\\/schema\\\/logo\\\/image\\\/\",\"url\":\"https:\\\/\\\/dabauto.ro\\\/fca\\\/wp-content\\\/uploads\\\/2025\\\/04\\\/logo_DAB_1200x1200.png\",\"contentUrl\":\"https:\\\/\\\/dabauto.ro\\\/fca\\\/wp-content\\\/uploads\\\/2025\\\/04\\\/logo_DAB_1200x1200.png\",\"width\":1200,\"height\":1200,\"caption\":\"DAB Auto Serv srl\"},\"image\":{\"@id\":\"https:\\\/\\\/dabauto.ro\\\/fca\\\/#\\\/schema\\\/logo\\\/image\\\/\"},\"sameAs\":[\"https:\\\/\\\/www.facebook.com\\\/DABAutoServRO\",\"https:\\\/\\\/www.instagram.com\\\/dab_auto\"],\"telephone\":\"0219793\",\"legalName\":\"DAB Auto Serv srl\",\"foundingDate\":\"2000-05-01\",\"vatID\":\"RO12734167\",\"numberOfEmployees\":{\"@type\":\"QuantitativeValue\",\"minValue\":\"51\",\"maxValue\":\"200\"}}]}<\/script>\n<!-- \/ Yoast SEO Premium plugin. -->","yoast_head_json":{"title":"LeapMotor - Dealer & Service Autorizat - Bucuresti","description":"Dealer & Service Autorizat LeapMotor in Splaiul Unirii Nr. 355-383, Sector 3, Bucuresti. T: 021.9793, E: contact@dabauto.ro, Program: L-V 8-18 S 9-17.","robots":{"index":"index","follow":"follow","max-snippet":"max-snippet:-1","max-image-preview":"max-image-preview:large","max-video-preview":"max-video-preview:-1"},"canonical":"https:\/\/dabauto.ro\/fca\/leapmotor\/","og_locale":"ro_RO","og_type":"article","og_title":"LeapMotor","og_description":"Dealer & Service Autorizat LeapMotor in Splaiul Unirii Nr. 355-383, Sector 3, Bucuresti. T: 021.9793, E: contact@dabauto.ro, Program: L-V 8-18 S 9-17.","og_url":"https:\/\/dabauto.ro\/fca\/leapmotor\/","og_site_name":"Dealer &amp; Service Autorizat Grup Fiat","article_publisher":"https:\/\/www.facebook.com\/DABAutoServRO","article_modified_time":"2026-04-07T13:12:40+00:00","og_image":[{"width":1440,"height":507,"url":"https:\/\/dabauto.ro\/fca\/wp-content\/uploads\/2024\/11\/c10-home_image-01.jpg","type":"image\/jpeg"}],"twitter_misc":{"Timp estimat pentru citire":"2 minute"},"schema":{"@context":"https:\/\/schema.org","@graph":[{"@type":"WebPage","@id":"https:\/\/dabauto.ro\/fca\/leapmotor\/","url":"https:\/\/dabauto.ro\/fca\/leapmotor\/","name":"LeapMotor - Dealer & Service Autorizat - Bucuresti","isPartOf":{"@id":"https:\/\/dabauto.ro\/fca\/#website"},"primaryImageOfPage":{"@id":"https:\/\/dabauto.ro\/fca\/leapmotor\/#primaryimage"},"image":{"@id":"https:\/\/dabauto.ro\/fca\/leapmotor\/#primaryimage"},"thumbnailUrl":"https:\/\/dabauto.ro\/fca\/wp-content\/uploads\/2024\/11\/c10-home_image-01.jpg","datePublished":"2024-11-15T13:07:30+00:00","dateModified":"2026-04-07T13:12:40+00:00","description":"Dealer & Service Autorizat LeapMotor in Splaiul Unirii Nr. 355-383, Sector 3, Bucuresti. T: 021.9793, E: contact@dabauto.ro, Program: L-V 8-18 S 9-17.","breadcrumb":{"@id":"https:\/\/dabauto.ro\/fca\/leapmotor\/#breadcrumb"},"inLanguage":"ro-RO","potentialAction":[{"@type":"ReadAction","target":["https:\/\/dabauto.ro\/fca\/leapmotor\/"]}]},{"@type":"ImageObject","inLanguage":"ro-RO","@id":"https:\/\/dabauto.ro\/fca\/leapmotor\/#primaryimage","url":"https:\/\/dabauto.ro\/fca\/wp-content\/uploads\/2024\/11\/c10-home_image-01.jpg","contentUrl":"https:\/\/dabauto.ro\/fca\/wp-content\/uploads\/2024\/11\/c10-home_image-01.jpg","width":1440,"height":507},{"@type":"BreadcrumbList","@id":"https:\/\/dabauto.ro\/fca\/leapmotor\/#breadcrumb","itemListElement":[{"@type":"ListItem","position":1,"name":"Prima pagin\u0103","item":"https:\/\/dabauto.ro\/fca\/"},{"@type":"ListItem","position":2,"name":"LeapMotor"}]},{"@type":"WebSite","@id":"https:\/\/dabauto.ro\/fca\/#website","url":"https:\/\/dabauto.ro\/fca\/","name":"Dealer & Service Autorizat Grup Fiat","description":"Concesionar Autorizat - Fiat, Alfa Romeo, Jeep, Abarth si LeapMotor in Bucuresti","publisher":{"@id":"https:\/\/dabauto.ro\/fca\/#organization"},"potentialAction":[{"@type":"SearchAction","target":{"@type":"EntryPoint","urlTemplate":"https:\/\/dabauto.ro\/fca\/?s={search_term_string}"},"query-input":{"@type":"PropertyValueSpecification","valueRequired":true,"valueName":"search_term_string"}}],"inLanguage":"ro-RO"},{"@type":"Organization","@id":"https:\/\/dabauto.ro\/fca\/#organization","name":"DAB Auto Serv srl","alternateName":"DAB Auto Serv srl","url":"https:\/\/dabauto.ro\/fca\/","logo":{"@type":"ImageObject","inLanguage":"ro-RO","@id":"https:\/\/dabauto.ro\/fca\/#\/schema\/logo\/image\/","url":"https:\/\/dabauto.ro\/fca\/wp-content\/uploads\/2025\/04\/logo_DAB_1200x1200.png","contentUrl":"https:\/\/dabauto.ro\/fca\/wp-content\/uploads\/2025\/04\/logo_DAB_1200x1200.png","width":1200,"height":1200,"caption":"DAB Auto Serv srl"},"image":{"@id":"https:\/\/dabauto.ro\/fca\/#\/schema\/logo\/image\/"},"sameAs":["https:\/\/www.facebook.com\/DABAutoServRO","https:\/\/www.instagram.com\/dab_auto"],"telephone":"0219793","legalName":"DAB Auto Serv srl","foundingDate":"2000-05-01","vatID":"RO12734167","numberOfEmployees":{"@type":"QuantitativeValue","minValue":"51","maxValue":"200"}}]}},"_links":{"self":[{"href":"https:\/\/dabauto.ro\/fca\/wp-json\/wp\/v2\/pages\/11528","targetHints":{"allow":["GET"]}}],"collection":[{"href":"https:\/\/dabauto.ro\/fca\/wp-json\/wp\/v2\/pages"}],"about":[{"href":"https:\/\/dabauto.ro\/fca\/wp-json\/wp\/v2\/types\/page"}],"author":[{"embeddable":true,"href":"https:\/\/dabauto.ro\/fca\/wp-json\/wp\/v2\/users\/2"}],"replies":[{"embeddable":true,"href":"https:\/\/dabauto.ro\/fca\/wp-json\/wp\/v2\/comments?post=11528"}],"version-history":[{"count":30,"href":"https:\/\/dabauto.ro\/fca\/wp-json\/wp\/v2\/pages\/11528\/revisions"}],"predecessor-version":[{"id":12553,"href":"https:\/\/dabauto.ro\/fca\/wp-json\/wp\/v2\/pages\/11528\/revisions\/12553"}],"wp:featuredmedia":[{"embeddable":true,"href":"https:\/\/dabauto.ro\/fca\/wp-json\/wp\/v2\/media\/11530"}],"wp:attachment":[{"href":"https:\/\/dabauto.ro\/fca\/wp-json\/wp\/v2\/media?parent=11528"}],"curies":[{"name":"wp","href":"https:\/\/api.w.org\/{rel}","templated":true}]}}