{"id":6450,"date":"2021-08-05T09:20:26","date_gmt":"2021-08-05T06:20:26","guid":{"rendered":"https:\/\/dabauto.ro\/fca\/?page_id=6450"},"modified":"2025-09-05T10:27:29","modified_gmt":"2025-09-05T07:27:29","slug":"promotie-service-dabautoserv","status":"publish","type":"page","link":"https:\/\/dabauto.ro\/fca\/promotie-service-dabautoserv\/","title":{"rendered":"Promotie Service DABAutoServ"},"content":{"rendered":"\n<div class=\"slider-wrapper relative\" id=\"slider-1988720683\" >\n    <div class=\"slider slider-nav-circle slider-nav-large slider-nav-light slider-style-normal slider-show-nav\"\n        data-flickity-options='{\n            \"cellAlign\": \"center\",\n            \"imagesLoaded\": true,\n            \"lazyLoad\": 1,\n            \"freeScroll\": false,\n            \"wrapAround\": true,\n            \"autoPlay\": 4000,\n            \"pauseAutoPlayOnHover\" : false,\n            \"prevNextButtons\": true,\n            \"contain\" : true,\n            \"adaptiveHeight\" : true,\n            \"dragThreshold\" : 10,\n            \"percentPosition\": true,\n            \"pageDots\": true,\n            \"rightToLeft\": false,\n            \"draggable\": true,\n            \"selectedAttraction\": 0.1,\n            \"parallax\" : 0,\n            \"friction\": 0.6        }'\n        >\n        \n\n\n  <div class=\"banner has-hover\" id=\"banner-1565062271\">\n          <div class=\"banner-inner fill\">\n        <div class=\"banner-bg fill\" >\n            <img loading=\"lazy\" decoding=\"async\" width=\"1920\" height=\"900\" src=\"https:\/\/dabauto.ro\/fca\/wp-content\/uploads\/2025\/02\/oferta-fiat-service-dabauto.jpg\" class=\"bg attachment-original size-original\" alt=\"\" \/>                                    \n                    <\/div>\n\t\t\n        <div class=\"banner-layers container\">\n            <div class=\"fill banner-link\"><\/div>            \n\n   <div id=\"text-box-1938458334\" class=\"text-box banner-layer x50 md-x50 lg-x50 y50 md-y50 lg-y50 res-text\">\n                                <div class=\"text-box-content text dark\">\n              \n              <div class=\"text-inner text-center\">\n                  \n\n\n              <\/div>\n           <\/div>\n                            \n<style>\n#text-box-1938458334 {\n  width: 60%;\n}\n#text-box-1938458334 .text-box-content {\n  font-size: 100%;\n}\n@media (min-width:550px) {\n  #text-box-1938458334 {\n    width: 60%;\n  }\n}\n<\/style>\n    <\/div>\n \n\n        <\/div>\n      <\/div>\n\n              <div class=\"height-fix is-invisible\"><img loading=\"lazy\" decoding=\"async\" width=\"1920\" height=\"900\" src=\"https:\/\/dabauto.ro\/fca\/wp-content\/uploads\/2025\/02\/oferta-fiat-service-dabauto.jpg\" class=\"attachment-original size-original\" alt=\"\" srcset=\"https:\/\/dabauto.ro\/fca\/wp-content\/uploads\/2025\/02\/oferta-fiat-service-dabauto.jpg 1920w, https:\/\/dabauto.ro\/fca\/wp-content\/uploads\/2025\/02\/oferta-fiat-service-dabauto-300x141.jpg 300w, https:\/\/dabauto.ro\/fca\/wp-content\/uploads\/2025\/02\/oferta-fiat-service-dabauto-1024x480.jpg 1024w, https:\/\/dabauto.ro\/fca\/wp-content\/uploads\/2025\/02\/oferta-fiat-service-dabauto-768x360.jpg 768w, https:\/\/dabauto.ro\/fca\/wp-content\/uploads\/2025\/02\/oferta-fiat-service-dabauto-1536x720.jpg 1536w\" sizes=\"auto, (max-width: 1920px) 100vw, 1920px\" \/><\/div>\n            \n<style>\n#banner-1565062271 .banner-bg img {\n  object-position: 50% 50%;\n}\n<\/style>\n  <\/div>\n\n\n\n  <div class=\"banner has-hover\" id=\"banner-176588610\">\n          <div class=\"banner-inner fill\">\n        <div class=\"banner-bg fill\" >\n            <img loading=\"lazy\" decoding=\"async\" width=\"1920\" height=\"900\" src=\"https:\/\/dabauto.ro\/fca\/wp-content\/uploads\/2025\/02\/oferta-jeep-service-dabauto.jpg\" class=\"bg attachment-original size-original\" alt=\"\" \/>                                    \n                    <\/div>\n\t\t\n        <div class=\"banner-layers container\">\n            <div class=\"fill banner-link\"><\/div>            \n\n   <div id=\"text-box-1791121320\" class=\"text-box banner-layer x50 md-x50 lg-x50 y50 md-y50 lg-y50 res-text\">\n                                <div class=\"text-box-content text dark\">\n              \n              <div class=\"text-inner text-center\">\n                  \n\n\n              <\/div>\n           <\/div>\n                            \n<style>\n#text-box-1791121320 {\n  width: 60%;\n}\n#text-box-1791121320 .text-box-content {\n  font-size: 100%;\n}\n@media (min-width:550px) {\n  #text-box-1791121320 {\n    width: 60%;\n  }\n}\n<\/style>\n    <\/div>\n \n\n        <\/div>\n      <\/div>\n\n              <div class=\"height-fix is-invisible\"><img loading=\"lazy\" decoding=\"async\" width=\"1920\" height=\"900\" src=\"https:\/\/dabauto.ro\/fca\/wp-content\/uploads\/2025\/02\/oferta-jeep-service-dabauto.jpg\" class=\"attachment-original size-original\" alt=\"\" srcset=\"https:\/\/dabauto.ro\/fca\/wp-content\/uploads\/2025\/02\/oferta-jeep-service-dabauto.jpg 1920w, https:\/\/dabauto.ro\/fca\/wp-content\/uploads\/2025\/02\/oferta-jeep-service-dabauto-300x141.jpg 300w, https:\/\/dabauto.ro\/fca\/wp-content\/uploads\/2025\/02\/oferta-jeep-service-dabauto-1024x480.jpg 1024w, https:\/\/dabauto.ro\/fca\/wp-content\/uploads\/2025\/02\/oferta-jeep-service-dabauto-768x360.jpg 768w, https:\/\/dabauto.ro\/fca\/wp-content\/uploads\/2025\/02\/oferta-jeep-service-dabauto-1536x720.jpg 1536w\" sizes=\"auto, (max-width: 1920px) 100vw, 1920px\" \/><\/div>\n            \n<style>\n#banner-176588610 .banner-bg img {\n  object-position: 50% 50%;\n}\n<\/style>\n  <\/div>\n\n\n\n  <div class=\"banner has-hover\" id=\"banner-376360910\">\n          <div class=\"banner-inner fill\">\n        <div class=\"banner-bg fill\" >\n            <img loading=\"lazy\" decoding=\"async\" width=\"1920\" height=\"900\" src=\"https:\/\/dabauto.ro\/fca\/wp-content\/uploads\/2025\/02\/oferta-alfaromeo-service-dabauto.jpg\" class=\"bg attachment-original size-original\" alt=\"\" \/>                                    \n                    <\/div>\n\t\t\n        <div class=\"banner-layers container\">\n            <div class=\"fill banner-link\"><\/div>            \n\n   <div id=\"text-box-185491793\" class=\"text-box banner-layer x50 md-x50 lg-x50 y50 md-y50 lg-y50 res-text\">\n                                <div class=\"text-box-content text dark\">\n              \n              <div class=\"text-inner text-center\">\n                  \n\n\n              <\/div>\n           <\/div>\n                            \n<style>\n#text-box-185491793 {\n  width: 60%;\n}\n#text-box-185491793 .text-box-content {\n  font-size: 100%;\n}\n@media (min-width:550px) {\n  #text-box-185491793 {\n    width: 60%;\n  }\n}\n<\/style>\n    <\/div>\n \n\n        <\/div>\n      <\/div>\n\n              <div class=\"height-fix is-invisible\"><img loading=\"lazy\" decoding=\"async\" width=\"1920\" height=\"900\" src=\"https:\/\/dabauto.ro\/fca\/wp-content\/uploads\/2025\/02\/oferta-alfaromeo-service-dabauto.jpg\" class=\"attachment-original size-original\" alt=\"\" srcset=\"https:\/\/dabauto.ro\/fca\/wp-content\/uploads\/2025\/02\/oferta-alfaromeo-service-dabauto.jpg 1920w, https:\/\/dabauto.ro\/fca\/wp-content\/uploads\/2025\/02\/oferta-alfaromeo-service-dabauto-300x141.jpg 300w, https:\/\/dabauto.ro\/fca\/wp-content\/uploads\/2025\/02\/oferta-alfaromeo-service-dabauto-1024x480.jpg 1024w, https:\/\/dabauto.ro\/fca\/wp-content\/uploads\/2025\/02\/oferta-alfaromeo-service-dabauto-768x360.jpg 768w, https:\/\/dabauto.ro\/fca\/wp-content\/uploads\/2025\/02\/oferta-alfaromeo-service-dabauto-1536x720.jpg 1536w\" sizes=\"auto, (max-width: 1920px) 100vw, 1920px\" \/><\/div>\n            \n<style>\n#banner-376360910 .banner-bg img {\n  object-position: 50% 50%;\n}\n<\/style>\n  <\/div>\n\n\n\n     <\/div>\n\n     <div class=\"loading-spin dark large centered\"><\/div>\n\n\t<\/div>\n\n\n\n\t<section class=\"section\" id=\"section_1606160184\">\n\t\t<div class=\"section-bg fill\" >\n\t\t\t\t\t\t\t\t\t\n\t\t\t\n\n\t\t<\/div>\n\n\t\t\n\n\t\t<div class=\"section-content relative\">\n\t\t\t\n\n<div class=\"row\"  id=\"row-1050473837\">\n\n\n\t<div id=\"col-344700825\" class=\"col small-12 large-12\"  >\n\t\t\t\t<div class=\"col-inner text-center\"  >\n\t\t\t\n\t\t\t\n\n<h2 style=\"text-align: center;\">Campanie Service DAB Auto Serv<\/h2>\n<h3 style=\"text-align: center;\">\u201eTu i\u021bi alegi destina\u021bia, noi te sus\u021binem!\u201c<\/h3>\n<p style=\"text-align: center;\">Daca primavara este anotimpul tau preferat, bucura-te de fiecare moment intr-o atmosfera de vacanta. De toate celelalte ne ocupam noi.<\/p>\n<p style=\"text-align: center;\">Pentru ca acum ai discount la piesele de schimb dupa cum urmeaza:<\/p>\n<p style=\"text-align: center;\">\u27a2 Alfa Romeo si Jeep &#8211; 5% discount pentru o vechime mai mare de 3 ani;<br \/>\u27a2 Fiat &#8211; 10% discount pentru o vechime mai mare de 5 ani \u0219i 7% pentru o vechime cuprins\u0103 \u00eentre 3 \u0219i 5 ani.<\/p>\n<p style=\"text-align: center;\"><strong>Campanie valabil\u0103 p\u00e2n\u0103 la 31 decembrie 2025.<\/strong><\/p>\n<a href=\"https:\/\/dabauto.ro\/fca\/wp-content\/uploads\/2025\/09\/REGULAMENT-OFICIAL-AL-CAMPANIEI-Tu-iti-alegi-destinatia-noi-te-sustinem-FCA.pdf\" target=\"_blank\" class=\"button primary is-outline\" rel=\"noopener\" >\n\t\t<span>DETALII CAMPANIE<\/span>\n\t<\/a>\n\n\n\n\t\t<\/div>\n\t\t\t\t\t<\/div>\n\n\t\n\n<\/div>\n<div class=\"row align-middle\"  id=\"row-1609658349\">\n\n\n\t<div id=\"col-595110357\" class=\"col medium-6 small-12 large-6\"  >\n\t\t\t\t<div class=\"col-inner text-center\"  >\n\t\t\t\n\t\t\t\n\n\t<div class=\"img has-hover x md-x lg-x y md-y lg-y\" id=\"image_336014957\">\n\t\t\t\t\t\t\t\t<div class=\"img-inner dark\" >\n\t\t\t<img loading=\"lazy\" decoding=\"async\" width=\"1000\" height=\"562\" src=\"https:\/\/dabauto.ro\/fca\/wp-content\/uploads\/2025\/02\/jeep-service-campanie-q1-2025.jpg\" class=\"attachment-original size-original\" alt=\"\" srcset=\"https:\/\/dabauto.ro\/fca\/wp-content\/uploads\/2025\/02\/jeep-service-campanie-q1-2025.jpg 1000w, https:\/\/dabauto.ro\/fca\/wp-content\/uploads\/2025\/02\/jeep-service-campanie-q1-2025-300x169.jpg 300w, https:\/\/dabauto.ro\/fca\/wp-content\/uploads\/2025\/02\/jeep-service-campanie-q1-2025-768x432.jpg 768w\" sizes=\"auto, (max-width: 1000px) 100vw, 1000px\" \/>\t\t\t\t\t\t\n\t\t\t\t\t<\/div>\n\t\t\t\t\t\t\t\t\n<style>\n#image_336014957 {\n  width: 100%;\n}\n<\/style>\n\t<\/div>\n\t\n\n\n\t\t<\/div>\n\t\t\t\t\t<\/div>\n\n\t\n\n\t<div id=\"col-622255081\" class=\"col medium-6 small-12 large-6\"  >\n\t\t\t\t<div class=\"col-inner text-left\"  >\n\t\t\t\n\t\t\t\n\n<h3 style=\"text-align: left;\">Avantaje:<\/h3>\n<p style=\"text-align: left;\"><strong>Piesele originale de intretinere incluse in campania de discount*:<\/strong><\/p>\n<p style=\"text-align: left;\">&#8211; din grupa \u00eentre\u021binere: lubrifian\u021bi, bujii, curele+role, filtre, pl\u0103cu\u021be de fr\u00e2n\u0103, sabo\u021bi, amortizoare, discuri \u0219i tamburi de fr\u00e2n\u0103).<\/p>\n<p style=\"text-align: left;\"><strong>Discount suplimentar de 50% la manopera.<\/strong><\/p>\n<a href=\"https:\/\/dabauto.ro\/fca\/programare-service\/\" class=\"button primary is-outline\" >\n\t\t<span>PROGRAMARE SERVICE<\/span>\n\t<\/a>\n\n\n\n\t\t<\/div>\n\t\t\t\t\t<\/div>\n\n\t\n\n<\/div>\n\n\t\t<\/div>\n\n\t\t\n<style>\n#section_1606160184 {\n  padding-top: 25px;\n  padding-bottom: 25px;\n}\n<\/style>\n\t<\/section>\n\t\n\n","protected":false},"excerpt":{"rendered":"","protected":false},"author":2,"featured_media":11801,"parent":0,"menu_order":0,"comment_status":"closed","ping_status":"closed","template":"page-blank.php","meta":{"footnotes":""},"class_list":["post-6450","page","type-page","status-publish","has-post-thumbnail","hentry"],"yoast_head":"<!-- This site is optimized with the Yoast SEO Premium plugin v24.7 (Yoast SEO v27.5) - https:\/\/yoast.com\/product\/yoast-seo-premium-wordpress\/ -->\n<title>Promotie Service DABAutoServ - Dealer &amp; Service Autorizat Grup Fiat<\/title>\n<meta name=\"description\" content=\"Tu iti alegi destinatia, noi te sustinem! Profita acum de campaniile de service Fiat, Alfa Romeo si Jeep. Tel. 021.9793\" \/>\n<meta name=\"robots\" content=\"index, follow, max-snippet:-1, max-image-preview:large, max-video-preview:-1\" \/>\n<link rel=\"canonical\" href=\"https:\/\/dabauto.ro\/fca\/promotie-service-dabautoserv\/\" \/>\n<meta property=\"og:locale\" content=\"ro_RO\" \/>\n<meta property=\"og:type\" content=\"article\" \/>\n<meta property=\"og:title\" content=\"Promotie Service DABAutoServ\" \/>\n<meta property=\"og:description\" content=\"Tu iti alegi destinatia, noi te sustinem! Profita acum de campaniile de service Fiat, Alfa Romeo si Jeep. Tel. 021.9793\" \/>\n<meta property=\"og:url\" content=\"https:\/\/dabauto.ro\/fca\/promotie-service-dabautoserv\/\" \/>\n<meta property=\"og:site_name\" content=\"Dealer &amp; Service Autorizat Grup Fiat\" \/>\n<meta property=\"article:publisher\" content=\"https:\/\/www.facebook.com\/DABAutoServRO\" \/>\n<meta property=\"article:modified_time\" content=\"2025-09-05T07:27:29+00:00\" \/>\n<meta property=\"og:image\" content=\"https:\/\/dabauto.ro\/fca\/wp-content\/uploads\/2025\/02\/oferta-fiat-service-dabauto.jpg\" \/>\n\t<meta property=\"og:image:width\" content=\"1920\" \/>\n\t<meta property=\"og:image:height\" content=\"900\" \/>\n\t<meta property=\"og:image:type\" content=\"image\/jpeg\" \/>\n<meta name=\"twitter:label1\" content=\"Timp estimat pentru citire\" \/>\n\t<meta name=\"twitter:data1\" content=\"2 minute\" \/>\n<script type=\"application\/ld+json\" class=\"yoast-schema-graph\">{\"@context\":\"https:\\\/\\\/schema.org\",\"@graph\":[{\"@type\":\"WebPage\",\"@id\":\"https:\\\/\\\/dabauto.ro\\\/fca\\\/promotie-service-dabautoserv\\\/\",\"url\":\"https:\\\/\\\/dabauto.ro\\\/fca\\\/promotie-service-dabautoserv\\\/\",\"name\":\"Promotie Service DABAutoServ - Dealer &amp; Service Autorizat Grup Fiat\",\"isPartOf\":{\"@id\":\"https:\\\/\\\/dabauto.ro\\\/fca\\\/#website\"},\"primaryImageOfPage\":{\"@id\":\"https:\\\/\\\/dabauto.ro\\\/fca\\\/promotie-service-dabautoserv\\\/#primaryimage\"},\"image\":{\"@id\":\"https:\\\/\\\/dabauto.ro\\\/fca\\\/promotie-service-dabautoserv\\\/#primaryimage\"},\"thumbnailUrl\":\"https:\\\/\\\/dabauto.ro\\\/fca\\\/wp-content\\\/uploads\\\/2025\\\/02\\\/oferta-fiat-service-dabauto.jpg\",\"datePublished\":\"2021-08-05T06:20:26+00:00\",\"dateModified\":\"2025-09-05T07:27:29+00:00\",\"description\":\"Tu iti alegi destinatia, noi te sustinem! Profita acum de campaniile de service Fiat, Alfa Romeo si Jeep. Tel. 021.9793\",\"breadcrumb\":{\"@id\":\"https:\\\/\\\/dabauto.ro\\\/fca\\\/promotie-service-dabautoserv\\\/#breadcrumb\"},\"inLanguage\":\"ro-RO\",\"potentialAction\":[{\"@type\":\"ReadAction\",\"target\":[\"https:\\\/\\\/dabauto.ro\\\/fca\\\/promotie-service-dabautoserv\\\/\"]}]},{\"@type\":\"ImageObject\",\"inLanguage\":\"ro-RO\",\"@id\":\"https:\\\/\\\/dabauto.ro\\\/fca\\\/promotie-service-dabautoserv\\\/#primaryimage\",\"url\":\"https:\\\/\\\/dabauto.ro\\\/fca\\\/wp-content\\\/uploads\\\/2025\\\/02\\\/oferta-fiat-service-dabauto.jpg\",\"contentUrl\":\"https:\\\/\\\/dabauto.ro\\\/fca\\\/wp-content\\\/uploads\\\/2025\\\/02\\\/oferta-fiat-service-dabauto.jpg\",\"width\":1920,\"height\":900},{\"@type\":\"BreadcrumbList\",\"@id\":\"https:\\\/\\\/dabauto.ro\\\/fca\\\/promotie-service-dabautoserv\\\/#breadcrumb\",\"itemListElement\":[{\"@type\":\"ListItem\",\"position\":1,\"name\":\"Prima pagin\u0103\",\"item\":\"https:\\\/\\\/dabauto.ro\\\/fca\\\/\"},{\"@type\":\"ListItem\",\"position\":2,\"name\":\"Promotie Service DABAutoServ\"}]},{\"@type\":\"WebSite\",\"@id\":\"https:\\\/\\\/dabauto.ro\\\/fca\\\/#website\",\"url\":\"https:\\\/\\\/dabauto.ro\\\/fca\\\/\",\"name\":\"Dealer & Service Autorizat Grup Fiat\",\"description\":\"Concesionar Autorizat - Fiat, Alfa Romeo, Jeep, Abarth si LeapMotor in Bucuresti\",\"publisher\":{\"@id\":\"https:\\\/\\\/dabauto.ro\\\/fca\\\/#organization\"},\"potentialAction\":[{\"@type\":\"SearchAction\",\"target\":{\"@type\":\"EntryPoint\",\"urlTemplate\":\"https:\\\/\\\/dabauto.ro\\\/fca\\\/?s={search_term_string}\"},\"query-input\":{\"@type\":\"PropertyValueSpecification\",\"valueRequired\":true,\"valueName\":\"search_term_string\"}}],\"inLanguage\":\"ro-RO\"},{\"@type\":\"Organization\",\"@id\":\"https:\\\/\\\/dabauto.ro\\\/fca\\\/#organization\",\"name\":\"DAB Auto Serv srl\",\"alternateName\":\"DAB Auto Serv srl\",\"url\":\"https:\\\/\\\/dabauto.ro\\\/fca\\\/\",\"logo\":{\"@type\":\"ImageObject\",\"inLanguage\":\"ro-RO\",\"@id\":\"https:\\\/\\\/dabauto.ro\\\/fca\\\/#\\\/schema\\\/logo\\\/image\\\/\",\"url\":\"https:\\\/\\\/dabauto.ro\\\/fca\\\/wp-content\\\/uploads\\\/2025\\\/04\\\/logo_DAB_1200x1200.png\",\"contentUrl\":\"https:\\\/\\\/dabauto.ro\\\/fca\\\/wp-content\\\/uploads\\\/2025\\\/04\\\/logo_DAB_1200x1200.png\",\"width\":1200,\"height\":1200,\"caption\":\"DAB Auto Serv srl\"},\"image\":{\"@id\":\"https:\\\/\\\/dabauto.ro\\\/fca\\\/#\\\/schema\\\/logo\\\/image\\\/\"},\"sameAs\":[\"https:\\\/\\\/www.facebook.com\\\/DABAutoServRO\",\"https:\\\/\\\/www.instagram.com\\\/dab_auto\"],\"telephone\":\"0219793\",\"legalName\":\"DAB Auto Serv srl\",\"foundingDate\":\"2000-05-01\",\"vatID\":\"RO12734167\",\"numberOfEmployees\":{\"@type\":\"QuantitativeValue\",\"minValue\":\"51\",\"maxValue\":\"200\"}}]}<\/script>\n<!-- \/ Yoast SEO Premium plugin. -->","yoast_head_json":{"title":"Promotie Service DABAutoServ - Dealer &amp; Service Autorizat Grup Fiat","description":"Tu iti alegi destinatia, noi te sustinem! Profita acum de campaniile de service Fiat, Alfa Romeo si Jeep. Tel. 021.9793","robots":{"index":"index","follow":"follow","max-snippet":"max-snippet:-1","max-image-preview":"max-image-preview:large","max-video-preview":"max-video-preview:-1"},"canonical":"https:\/\/dabauto.ro\/fca\/promotie-service-dabautoserv\/","og_locale":"ro_RO","og_type":"article","og_title":"Promotie Service DABAutoServ","og_description":"Tu iti alegi destinatia, noi te sustinem! Profita acum de campaniile de service Fiat, Alfa Romeo si Jeep. Tel. 021.9793","og_url":"https:\/\/dabauto.ro\/fca\/promotie-service-dabautoserv\/","og_site_name":"Dealer &amp; Service Autorizat Grup Fiat","article_publisher":"https:\/\/www.facebook.com\/DABAutoServRO","article_modified_time":"2025-09-05T07:27:29+00:00","og_image":[{"width":1920,"height":900,"url":"https:\/\/dabauto.ro\/fca\/wp-content\/uploads\/2025\/02\/oferta-fiat-service-dabauto.jpg","type":"image\/jpeg"}],"twitter_misc":{"Timp estimat pentru citire":"2 minute"},"schema":{"@context":"https:\/\/schema.org","@graph":[{"@type":"WebPage","@id":"https:\/\/dabauto.ro\/fca\/promotie-service-dabautoserv\/","url":"https:\/\/dabauto.ro\/fca\/promotie-service-dabautoserv\/","name":"Promotie Service DABAutoServ - Dealer &amp; Service Autorizat Grup Fiat","isPartOf":{"@id":"https:\/\/dabauto.ro\/fca\/#website"},"primaryImageOfPage":{"@id":"https:\/\/dabauto.ro\/fca\/promotie-service-dabautoserv\/#primaryimage"},"image":{"@id":"https:\/\/dabauto.ro\/fca\/promotie-service-dabautoserv\/#primaryimage"},"thumbnailUrl":"https:\/\/dabauto.ro\/fca\/wp-content\/uploads\/2025\/02\/oferta-fiat-service-dabauto.jpg","datePublished":"2021-08-05T06:20:26+00:00","dateModified":"2025-09-05T07:27:29+00:00","description":"Tu iti alegi destinatia, noi te sustinem! Profita acum de campaniile de service Fiat, Alfa Romeo si Jeep. Tel. 021.9793","breadcrumb":{"@id":"https:\/\/dabauto.ro\/fca\/promotie-service-dabautoserv\/#breadcrumb"},"inLanguage":"ro-RO","potentialAction":[{"@type":"ReadAction","target":["https:\/\/dabauto.ro\/fca\/promotie-service-dabautoserv\/"]}]},{"@type":"ImageObject","inLanguage":"ro-RO","@id":"https:\/\/dabauto.ro\/fca\/promotie-service-dabautoserv\/#primaryimage","url":"https:\/\/dabauto.ro\/fca\/wp-content\/uploads\/2025\/02\/oferta-fiat-service-dabauto.jpg","contentUrl":"https:\/\/dabauto.ro\/fca\/wp-content\/uploads\/2025\/02\/oferta-fiat-service-dabauto.jpg","width":1920,"height":900},{"@type":"BreadcrumbList","@id":"https:\/\/dabauto.ro\/fca\/promotie-service-dabautoserv\/#breadcrumb","itemListElement":[{"@type":"ListItem","position":1,"name":"Prima pagin\u0103","item":"https:\/\/dabauto.ro\/fca\/"},{"@type":"ListItem","position":2,"name":"Promotie Service DABAutoServ"}]},{"@type":"WebSite","@id":"https:\/\/dabauto.ro\/fca\/#website","url":"https:\/\/dabauto.ro\/fca\/","name":"Dealer & Service Autorizat Grup Fiat","description":"Concesionar Autorizat - Fiat, Alfa Romeo, Jeep, Abarth si LeapMotor in Bucuresti","publisher":{"@id":"https:\/\/dabauto.ro\/fca\/#organization"},"potentialAction":[{"@type":"SearchAction","target":{"@type":"EntryPoint","urlTemplate":"https:\/\/dabauto.ro\/fca\/?s={search_term_string}"},"query-input":{"@type":"PropertyValueSpecification","valueRequired":true,"valueName":"search_term_string"}}],"inLanguage":"ro-RO"},{"@type":"Organization","@id":"https:\/\/dabauto.ro\/fca\/#organization","name":"DAB Auto Serv srl","alternateName":"DAB Auto Serv srl","url":"https:\/\/dabauto.ro\/fca\/","logo":{"@type":"ImageObject","inLanguage":"ro-RO","@id":"https:\/\/dabauto.ro\/fca\/#\/schema\/logo\/image\/","url":"https:\/\/dabauto.ro\/fca\/wp-content\/uploads\/2025\/04\/logo_DAB_1200x1200.png","contentUrl":"https:\/\/dabauto.ro\/fca\/wp-content\/uploads\/2025\/04\/logo_DAB_1200x1200.png","width":1200,"height":1200,"caption":"DAB Auto Serv srl"},"image":{"@id":"https:\/\/dabauto.ro\/fca\/#\/schema\/logo\/image\/"},"sameAs":["https:\/\/www.facebook.com\/DABAutoServRO","https:\/\/www.instagram.com\/dab_auto"],"telephone":"0219793","legalName":"DAB Auto Serv srl","foundingDate":"2000-05-01","vatID":"RO12734167","numberOfEmployees":{"@type":"QuantitativeValue","minValue":"51","maxValue":"200"}}]}},"_links":{"self":[{"href":"https:\/\/dabauto.ro\/fca\/wp-json\/wp\/v2\/pages\/6450","targetHints":{"allow":["GET"]}}],"collection":[{"href":"https:\/\/dabauto.ro\/fca\/wp-json\/wp\/v2\/pages"}],"about":[{"href":"https:\/\/dabauto.ro\/fca\/wp-json\/wp\/v2\/types\/page"}],"author":[{"embeddable":true,"href":"https:\/\/dabauto.ro\/fca\/wp-json\/wp\/v2\/users\/2"}],"replies":[{"embeddable":true,"href":"https:\/\/dabauto.ro\/fca\/wp-json\/wp\/v2\/comments?post=6450"}],"version-history":[{"count":212,"href":"https:\/\/dabauto.ro\/fca\/wp-json\/wp\/v2\/pages\/6450\/revisions"}],"predecessor-version":[{"id":12208,"href":"https:\/\/dabauto.ro\/fca\/wp-json\/wp\/v2\/pages\/6450\/revisions\/12208"}],"wp:featuredmedia":[{"embeddable":true,"href":"https:\/\/dabauto.ro\/fca\/wp-json\/wp\/v2\/media\/11801"}],"wp:attachment":[{"href":"https:\/\/dabauto.ro\/fca\/wp-json\/wp\/v2\/media?parent=6450"}],"curies":[{"name":"wp","href":"https:\/\/api.w.org\/{rel}","templated":true}]}}